 = -2*z**2 - 5*z - 3. Determine i(-3).
-6
Let r(c) = -c**3 + 3*c**2 + c + 12. Give r(4).
0
Let n(h) = 7*h + 36. Calculate n(-4).
8
Let p(s) = -s**2 + 7*s - 11. Give p(5).
-1
Let j(o) = -4*o - 6. What is j(10)?
-46
Let v(o) = -o**2 - 14*o - 23. Calculate v(-10).
17
Let b(h) = 26*h - 9. Calculate b(5).
121
Let k(o) = -o**2 - 34*o - 12. Give k(-35).
-47
Let a(b) = 7*b**2 - 3*b + 4. Calculate a(3).
58
Let w(k) = 9*k - 8. Give w(1).
1
Let o(q) = -q**2 - 16*q + 155. What is o(7)?
-6
Let t(f) = f**3 + 11*f**2 - 17*f + 8. Give t(-13).
-109
Let q(n) = -2*n**3 - 4*n**2 + 6*n + 6. What is q(-3)?
6
Let y(q) = -8*q + 23. Give y(7).
-33
Let h(i) = i**3 + 41*i**2 + 114*i - 7. What is h(-38)?
-7
Let o(s) = -s**3 - 6*s**2 - 2*s - 6. Give o(-6).
6
Let t(c) = -c**3 + 35*c**2 + 37*c - 30. Give t(36).
6
Let o(f) = -3*f + 3. Calculate o(4).
-9
Let m(p) = 25*p - 20. Calculate m(1).
5
Let v(h) = h**2 + 27*h + 41. Calculate v(-25).
-9
Let o(t) = -21*t**3 - t**2 + t. Determine o(1).
-21
Let n(f) = -f**3 - 6*f**2 - 6*f - 1. Calculate n(-4).
-9
Let o(d) = -3*d + 15. What is o(5)?
0
Let v(h) = -h - 19. Calculate v(19).
-38
Let a(k) = -7*k - 16. Give a(-6).
26
Let d(n) = -19*n - 146. What is d(-8)?
6
Let w(x) = -38*x**3 + 2*x**2 - 1. Give w(1).
-37
Let a(u) = -u**2 + 7*u - 12. Calculate a(10).
-42
Let l(q) = 2*q**3 + 2*q**2 + 6*q. What is l(-2)?
-20
Let t(y) = 2*y + 2. Calculate t(6).
14
Let d(v) = -v**3 - 10*v**2 + 5. What is d(-9)?
-76
Let g(z) = -z + 28. Calculate g(11).
17
Let v(l) = -l**3 + 12*l**2 - 9*l - 9. Determine v(11).
13
Let r(w) = -28*w + 127. Give r(4).
15
Let g(q) = -2*q**2 + 9*q + 3. Calculate g(7).
-32
Let n(z) = 10*z + 125. Determine n(-11).
15
Let o(x) = x**2 + 7*x - 28. Calculate o(-11).
16
Let b(k) = -k**2 + 23*k. What is b(16)?
112
Let p(k) = -k - 2. Calculate p(1).
-3
Let o(p) = -p**3 - 8*p**2 - 6*p - 5. What is o(-6)?
-41
Let u(k) = 3*k**2 - 34*k + 35. Give u(10).
-5
Let j(c) = c**2 - 14*c + 9. Determine j(9).
-36
Let f(u) = -u**3 + 3*u**2 - 3*u - 1. Give f(3).
-10
Let j(f) = f**3 - 17*f**2 + 31*f - 22. Determine j(15).
-7
Let s(m) = -12*m - 69. Calculate s(-5).
-9
Let f(u) = u**3 + 22*u**2 + 38*u - 49. Calculate f(-20).
-9
Let n(g) = -8*g**3 - 3*g**2 - 3*g. Determine n(-2).
58
Let m(n) = -2*n**2 + 31*n - 57. What is m(13)?
8
Let q(n) = -43*n**3 - 1. Give q(-1).
42
Let h(p) = p - 40. What is h(0)?
-40
Let b(t) = -t**2 - t + 11. Determine b(-6).
-19
Let q(j) = -j**2 - 13*j - 4. Determine q(-5).
36
Let s(w) = -19*w + 11. What is s(-3)?
68
Let k(w) = -4*w + 17. Give k(1).
13
Let q(s) = -4*s**3 + s**2 - 2*s - 46. Determine q(0).
-46
Let d(j) = j**2 - 3*j - 9. What is d(7)?
19
Let d(b) = -2*b**2 + b. Determine d(-1).
-3
Let l(p) = 2*p**2 - 11*p - 4. Calculate l(6).
2
Let r(k) = 56*k - 52. What is r(1)?
4
Let i(s) = -s**2 + s + 5. Give i(4).
-7
Let t(s) = 14*s**3 + 4*s + 2. What is t(-1)?
-16
Let f(g) = 12*g - 2. What is f(1)?
10
Let f(x) = -2*x**2 - 42*x + 62. Calculate f(-23).
-30
Let j(f) = f**3 - 10*f**2 + 10*f - 7. Give j(9).
2
Let r(x) = -9*x + 108. What is r(13)?
-9
Let d(j) = 4*j + 6. Calculate d(-6).
-18
Let l(o) = -8*o - 34. Give l(-3).
-10
Let g(q) = -q + 10. Give g(3).
7
Let z(h) = 5*h**2 + 3*h + 2. Calculate z(-2).
16
Let s(q) = -q**3 - 9*q**2 + 34*q + 146. What is s(-11)?
14
Let o(a) = -3*a + 12. What is o(0)?
12
Let h(v) = -v**3 - 3*v**2 - 3*v - 9. What is h(-3)?
0
Let s(p) = p**2 - 16*p + 61. Give s(5).
6
Let t(a) = -12*a + 70. What is t(6)?
-2
Let i(r) = r**3 - 6*r**2 - 7*r - 7. Determine i(7).
-7
Let w(v) = v**3 - 16*v**2 + 14*v + 19. What is w(15)?
4
Let j(k) = -k + 5. Give j(4).
1
Let h(g) = -g**3 - 11*g**2 + 12*g + 6. Determine h(-12).
6
Let l(p) = -2*p**3 - p**2 - 3*p - 2. Give l(-1).
2
Let k(f) = f + 4. Give k(-8).
-4
Let r(l) = -l**2 + 36*l + 196. Determine r(41).
-9
Let g(y) = -y + 17. Give g(7).
10
Let q(x) = 3*x - 14. What is q(5)?
1
Let m(i) = -19*i + 132. Determine m(7).
-1
Let u(i) = -25*i**3. What is u(-1)?
25
Let w(o) = 2*o + 6. Determine w(-6).
-6
Let a(y) = -123*y + 742. Give a(6).
4
Let m(u) = -12*u - 210. Determine m(-17).
-6
Let w(b) = -b**3 + b - 4. Give w(-2).
2
Let s(y) = -y**2 - 13*y - 4. Calculate s(-9).
32
Let p(c) = -26*c + 88. Determine p(4).
-16
Let k(y) = y**3 + 6*y**2 + 6*y - 4. What is k(-3)?
5
Let q(w) = -w + 18. What is q(12)?
6
Let a(j) = j**3 - 12*j**2 - 3*j - 126. What is a(13)?
4
Let b(d) = 6*d - 26. Determine b(4).
-2
Let o(b) = -b**3 + b**2 + 4*b + 5. Determine o(-2).
9
Let y(w) = 9*w + 20. Calculate y(-5).
-25
Let l(u) = -u - 4. Give l(-4).
0
Let q(w) = 2*w**2 + w. Determine q(-2).
6
Let y(h) = -h**3 - 18*h**2 - 17*h + 10. Calculate y(-17).
10
Let y(z) = 9*z - 31. Give y(9).
50
Let h(a) = a**2 + 29*a - 3. What is h(-31)?
59
Let v(g) = g**3 - 11*g**2 + 12*g - 12. Give v(10).
8
Let w(j) = -j**3 - 20*j**2 + j + 16. Calculate w(-20).
-4
Let u(y) = 7*y - 40. What is u(7)?
9
Let q(a) = -2*a**2 + 4*a - 1. What is q(2)?
-1
Let n(g) = 2*g**3 + 47*g**2 - 23*g + 20. Calculate n(-24).
-4
Let z(s) = s + 12. Determine z(16).
28
Let w(r) = 6*r + 28. What is w(-6)?
-8
Let q(r) = r**2 - 5*r - 14. What is q(-2)?
0
Let y(t) = 4*t - 72. Calculate y(16).
-8
Let s(w) = -12*w**3 + w**2 + 2*w + 1. Determine s(-2).
97
Let l(k) = k**3 + 34*k**2 + 31*k - 79. Give l(-33).
-13
Let v(n) = n**3 - 6*n**2 - 14*n - 3. What is v(8)?
13
Let a(o) = -7*o + 9. Give a(7).
-40
Let q(h) = -h**3 - 12*h**2 - 35*h + 2. Give q(-7).
2
Let w(k) = -2*k**2 + 40*k + 10. Give w(21).
-32
Let x(k) = k**3 + 12*k**2 + 6*k + 22. Give x(-12).
-50
Let i(c) = -22*c + 7. Calculate i(-2).
51
Let k(j) = -49*j - 25. Calculate k(-1).
24
Let d(y) = -3*y + 12. Calculate d(0).
12
Let h(b) = 2*b - 18. Calculate h(8).
-2
Let g(z) = -z**2 - 7*z + 12. Determine g(7).
-86
Let l(n) = 14*n + 56. Give l(-6).
-28
Let x(z) = z**2 - 3*z - 16. Calculate x(7).
12
Let l(x) = -57*x - 41. What is l(-1)?
16
Let y(l) = -l**3 + 6*l**2 + 14*l + 13. Determine y(8).
-3
Let h(x) = -x**3 + 11*x**2 - 2*x + 4. Calculate h(5).
144
Let k(y) = 2*y + 8. Give k(-7).
-6
Let f(h) = 23*h**2 + 277*h + 16. What is f(-12)?
4
Let o(c) = c**3 - 4*c + 5. Determine o(0).
5
Let t(i) = -16*i + 3. Determine t(3).
-45
Let i(o) = -5*o**2 + 3*o - 2. Give i(2).
-16
Let a(d) = -d**3 - 5*d**2 + 5*d - 5. What is a(-6)?
1
Let r(x) = -x**3 - 15*x**2 - 13*x + 16. What is r(-14)?
2
Let z(p) = -3*p**2 + 58*p + 19. Give z(20).
-21
Let n(b) = 2*b**2 + 53*b + 142. Calculate n(-3).
1
Let m(y) = -14*y - 48. Calculate m(-3).
-6
Let j(t) = -36*t - 104. Calculate j(-3).
4
Let g(f) = -f**2 - f + 1. Determine g(1).
-1
Let f(l) = -l - 17. What is f(-24)?
7
Let j(n) = n**2 - 6*n - 4. What is j(4)?
-12
Let t(z) = z**3 + 8*z**2 + 6*z - 1. Determine t(-8).
-49
Let s(q) = -4*q - 3. Give s(1).
-7
Let u(j) = -4*j + 3. Calculate u(-2).
11
Let u(y) = 5*y + 13. What is u(-5)?
-12
Let i(a) = -7*a**3 - a**2 - 1. Determine i(-3).
179
Let b(h) = h**2 - 12*h + 2. Give b(8).
-30
Let z(k) = -10*k - 120. Give z(-12).
0
Let i(h) = 75*h**3 - h**2 + 6*h - 4. Determine i(1).
76
Let a(k) = k**3 - 2*k**2 + 5*k - 3. Calculate a(3).
21
Let y(w) = w**3 + 4*w**2 - 4*w + 5. Give y(-5).
0
Let d(g) = 2*g - 1. Determine d(-6).
-13
Let y(w) = 2*w**2 - 24*w + 62. Determine y(4).
-2
Let f(i) = 79*i - 874. Give f(11).
-5
Let j(i) = i**3 - 11*i**2 - 4*i + 20. Calculate j(11).
-24
Let v(w) = w**3 + 8*w**2 + w - 11. Give v(-8).
-19
Let c(d) = d**3 - 35*d**2 - 112*d - 74. What is c(38)?
2
Let z(u) = u + 5. Determine z(-8).
-3
Let h(x) = 7*x - 5. What is h(2)?
9
Let b(y) = y**2 + 16*y + 49. What is b(-13)?
10
Let v(j) = -j**3 + 3*j**2 + 17*j - 4. Determine v(7).
-81
Let g(d) = -2*d - 24. Calculate g(-12).
0
Let k(v) = -2*v**3 + 34*v**2 - 6. What is k(17)?
-6
Let a(o) = -o**2 - 12*o - 18. Determine a(-10).
2
Let t(u) = -8*u + 130. What is t(20)?
-30
Let q(v) = -v**3 + 6*v**2 + 5*v + 2. Calculate q(6).
32
Let g(l) = -9*l - 8. Calculate g(-6).
46
Let h(w) = w**2 - 10*w - 1. Calculate h(10).
-1
Let y(g) = -6*g + 3. Give y(-4).
27
Let d(m) = -128*m + 632. Determine d(5).
-8
Let k(f) = f**2 + f + 3. Determine k(-4).
15
Let w(o) = -42*o + 65. What is w(1)?
23
Let p(o) = 177*o**3 - o**2 + 2*o - 2. Determine p(1).
176
Let h(m) = 2*m + 12. What is h(-5)?
2
Let n(y) = 2*y**2 + 16*y + 26. Determine n(-4).
-6
Let r(q) = 2*q + 7. Give r(6).
19
Let j(o) = -o**2 - 16*o - 36. Deter